 = 0. Calculate the remainder when 1 is divided by (-6)/(-8) - b/4.
0
Let d = 14 - 4. What is the remainder when 9 + -8 + 37*1 is divided by (-201)/(-15) - 4/d?
12
Let d(f) = f**3 - f + 5. Let g be d(0). Suppose -g*n = -n - 36. Let t = 36 + -20. What is the remainder when t is divided by n?
7
Let f = 35 + -17. What is the remainder when 52 is divided by f?
16
Suppose -6 - 28 = -2*m. What is the remainder when m is divided by 10?
7
Let q(t) = -t**2 + 8*t - 7. Let y be q(6). Suppose 2*c + 0*g = y*g + 29, -5*g + 5 = 0. Suppose 0*k + 4*k = 24. What is the remainder when c is divided by k?
5
Let n(r) = 0*r + 0*r + 3*r - 14. Calculate the remainder when n(11) is divided by 5.
4
Let b be ((-12)/8)/3*12. Calculate the remainder when 9 is divided by ((-6)/2)/(b/8).
1
What is the remainder when -1*(3 + 0 + -46) is divided by 11?
10
Suppose 0 = -5*c + 8*c - 30. Calculate the remainder when 67 is divided by c.
7
Suppose 3*x = 2*t - 45, t - 2*x = -0*x + 25. What is the remainder when 54 is divided by t?
9
Suppose 0*v + 5*h = 3*v - 10, 4 = 5*v - 2*h. Suppose -4*c - 4 = v, 0*j = -3*j - 4*c + 14. What is the remainder when j is divided by 2?
0
Let j = 4 - -6. Suppose 0 = -y + 2 + 2. What is the remainder when j is divided by y?
2
Suppose 2 = 4*a - 14. Let n(u) = u + 1. What is the remainder when n(6) is divided by a?
3
Let n(l) = -2*l**3 + 3*l**2 + 4*l + 3. Calculate the remainder when n(-2) is divided by 6.
5
Suppose 4*d = 3*q + 106, d + 2*q = 2*d - 24. Suppose -5 = 3*k - 35. What is the remainder when d is divided by k?
8
Suppose -39 = -3*h + 9. Let g = -18 - -20. Suppose g*o = h - 4. Calculate the remainder when 15 is divided by o.
3
Suppose -156 = -40*d + 37*d. What is the remainder when d is divided by 28?
24
Let d = 15 - 8. Suppose -g = -3*g + 68. Suppose -5*u + g + 26 = 0. Calculate the remainder when u is divided by d.
5
Suppose -4*t - 2*b = 14, -5*b + 0*b = 4*t + 11. Let h = t - -2. Let u(s) = -s**3 - s**2 + 1. What is the remainder when u(h) is divided by 2?
1
What is the remainder when 17 is divided by ((-3)/2)/(15/(-70))?
3
Suppose -s = 4, 2*r - 16 - 18 = -4*s. Calculate the remainder when 46 is divided by r.
21
What is the remainder when 38 is divided by -1 + -1 + 1 - -17?
6
Suppose -3*b + 8*b - 30 = 0. Calculate the remainder when 22 is divided by b.
4
Let s(d) = d**2 + 17*d - 41. What is the remainder when 52 is divided by s(-20)?
14
Suppose -4*a + 3 - 63 = -5*j, 2*j - 4*a - 24 = 0. Suppose -2*s = -7 - 41. Suppose 0 = h - s + 2. Calculate the remainder when h is divided by j.
10
Let z be -2 + 0 - (-3 + -2). Suppose 6 = 3*b - z. Suppose b*g + g = 20, 2*c = g + 3. Calculate the remainder when 10 is divided by c.
2
Suppose 0 = -a, g - 4*a = 3*g - 8. Suppose 16 = 2*s + g. Suppose -3*c = -c - 20. What is the remainder when c is divided by s?
4
Suppose 0 = 3*l - 173 - 46. What is the remainder when l is divided by 25?
23
What is the remainder when (-2)/3 + (-3495)/(-45) is divided by 26?
25
Calculate the remainder when (-7 + 5)*1/3*-87 is divided by 20.
18
Suppose i = 3*i. Let m = i - -11. Calculate the remainder when m is divided by (12/(-5))/((-2)/10*2).
5
Suppose 34 = 3*s + 2*g - 0*g, -3*g = -2*s + 1. Calculate the remainder when (-33)/(-6)*(-2 + s) is divided by 1/(-1 - -2)*9.
6
Let m = -2 + 7. Calculate the remainder when m is divided by 3.
2
Suppose 0 = 5*t + 28 - 8. What is the remainder when 2/1 + (-20)/t is divided by 5?
2
Let w = -17 + 52. Let n be (-93)/(-33) - (-2)/11. Suppose -3*g + 15 = 2*t, n*t + 2*g - 5*g - 45 = 0. What is the remainder when w is divided by t?
11
Suppose 10 = 2*o, 4*n + 5*o - 29 = 3*n. Suppose -n*j + 3*j = -13. What is the remainder when 63 is divided by j?
11
Suppose x = 2*x - 2. Suppose 0*u - u + x = 0. Suppose 0 = 2*q - q + 3*z - 15, -u*z = -q + 10. What is the remainder when 34 is divided by q?
10
Calculate the remainder when 0*(-1)/(-3) + 44 is divided by 5 - (-13)/(26/36).
21
Suppose 2*n - n + 58 = 4*v, 8 = -4*n. Let o = 37 - 32. Calculate the remainder when v is divided by o.
4
Let k = 101 + -86. What is the remainder when 101 is divided by k?
11
Let q(o) = o**3 + 3*o**2 + o. Let z be q(-3). Let n be (-2)/z*(-63)/7. Let s = 18 + n. Calculate the remainder when 34 is divided by s.
10
Let d(x) = -x**3 + 6*x**2 + 6*x + 6. What is the remainder when d(-5) is divided by 28?
27
Let z(k) = k**2 - 5*k - 5. Let l = -9 + 15. What is the remainder when 2 is divided by z(l)?
0
Suppose 0 = b - 3*d - 26 - 0, -2*b = 4*d - 22. What is the remainder when b is divided by 7?
3
Suppose 0*w + 2*w - 28 = -2*x, -3*x + 2 = -5*w. Let s(t) = 8*t**2 + 4*t + 2. What is the remainder when s(-2) is divided by x?
8
Let z(w) = 22*w - 5. Let x be z(8). Suppose 3*g - 3*n + 0*n = x, 2*n = -4*g + 246. Suppose 4*s - g = s. Calculate the remainder when s is divided by 11.
9
Let p(d) = 2*d - 5. Suppose -4*w = -3*l - 11, -5*l + 12 = -l. Let t be p(w). Suppose -2 - t = -s. What is the remainder when s is divided by 4?
3
Calculate the remainder when 2 - 74/(-4)*4 is divided by 20.
16
Let q = 134 + -75. Calculate the remainder when q is divided by 12.
11
Let w be 7/4 - 1/(-4). Let c = 23 + w. Suppose 4 = -2*y + 30. What is the remainder when c is divided by y?
12
Let x be -6 + 1 + -2 + 1. Let c = x - -28. Calculate the remainder when c is divided by 6.
4
Let h = 40 - -4. Let j = h + -28. What is the remainder when (-75)/2*(-8)/10 is divided by j?
14
Let q = 9 - 5. Suppose 3*o + 42 = 3*y - 63, q*o + 78 = 2*y. Let h(m) = 12*m**2 - 1. Calculate the remainder when y is divided by h(1).
9
Let t = 1 - -12. Calculate the remainder when t is divided by 3.
1
Let a(b) = 8 + 3*b + 0 - b - b. Suppose 7 = 3*d - 8. Calculate the remainder when d is divided by a(-4).
1
Let v = 37 + -20. Suppose 112 = 2*x - 110. Suppose -3*g + 0*g + x = 3*k, -2*g = -5*k + 150. What is the remainder when k is divided by v?
15
Suppose 10*b - 9*b = -3, -4*z + 3*b + 69 = 0. What is the remainder when 42 is divided by z?
12
Suppose -52 = -6*j + 2*j. Suppose 2 = 2*y, 2*b - y - 76 = -3*y. What is the remainder when b is divided by j?
11
What is the remainder when 35 is divided by (-8)/((-2)/((-6)/(-3)))?
3
Let x = -3 + 23. Suppose -4*v - 31 = t - 0*v, 2*t = -v - 27. Let w = 22 + t. Calculate the remainder when x is divided by w.
9
Suppose -11 = 2*j - 3*j. Suppose 0 = -5*u + 31 - 1. What is the remainder when 21 is divided by 1*j*(u - 5)?
10
Let r(p) = -p + 14. Let y be r(12). Let j = y - -13. What is the remainder when 27 is divided by j?
12
Let w(n) be the first derivative of -2*n - 1/4*n**4 - 5/2*n**2 - 2 - 5/3*n**3. Calculate the remainder when w(-4) is divided by 1.
0
Suppose -3*j - 5*b = -15, 3*b = -b. Suppose -j*m = -0*m + 30. Calculate the remainder when 26 is divided by 6 + m/(-4)*2.
8
Suppose y = -2*z + 5*y + 2, 4*z - 4*y = -8. Let u(x) = -x**3 - 4*x**2 - 3. Let l(q) = 2*q + 8. Calculate the remainder when u(z) is divided by l(0).
6
Let s be (-1 + 0)*2 + 4. Suppose 5*u - 147 = 4*m - 58, -s*u + 2*m + 34 = 0. Let q(w) = w**3 - w**2 - 3*w + 2. What is the remainder when u is divided by q(3)?
10
Suppose a - 11 - 6 = -w, 0 = 3*w + 12. Let o = -21 + 36. Let k = o - 9. What is the remainder when a is divided by k?
3
Let x(d) = 8*d**2 + 5*d + 13. Calculate the remainder when x(4) is divided by 9.
8
Let c(g) = 19*g - 6. Calculate the remainder when c(7) is divided by 32.
31
Let r(u) = 2*u**3 - 4*u**2 - u + 30. Let j(d) = -d**3 + d**2 - 1. Let g(k) = 3*j(k) + r(k). What is the remainder when g(0) is divided by 7?
6
Suppose -5*g - 4*s + 280 = -g, 20 = -4*s. Suppose 3*m = -2*h + 45, 5*m + 0*h + 4*h = g. Calculate the remainder when m is divided by 6.
3
Suppose -4*i = -22 + 6. Suppose -h + 3*h + i*f - 114 = 0, 5*f = -4*h + 231. Calculate the remainder when h is divided by 15.
14
Suppose -3*d + 8 = -1. Let b = 7 - d. Suppose 0*a = -b*a + 164. Calculate the remainder when a is divided by 14.
13
Suppose 2*x + w - 33 = 0, 15 = x + 2*w - 6. Calculate the remainder when 53 is divided by x.
8
Suppose -4*j + 3*p = 19, 0 = 3*j - 0*p - p + 13. Let l = 13 + j. Calculate the remainder when 35 is divided by l.
8
Let o(h) = 18*h**3 - 3*h**2. Let n be o(2). Suppose -3*p = p - n. What is the remainder when p is divided by 18?
15
Let g(w) = -36*w**3 + 1. Let c be 6/(-10) + (-4)/10. What is the remainder when